*a - 9. Suppose 5*s = 4*s - 26. Let l = 30 - s. What is the remainder when l is divided by m?
11
Let s = 14 + 102. Calculate the remainder when s is divided by 42.
32
Suppose 4*d + 196 = 4*o - 4, -4*d = -o + 47. Suppose 2*h - 9 = 3*r, 4*r + 25 - 2 = -h. What is the remainder when o is divided by (h - -9)/((-4)/(-18))?
24
Let n = -27 - -19. Let y(x) = x**2 + 9*x + 8. Let q be y(n). Suppose 3*d - d - 28 = q. Calculate the remainder when 54 is divided by d.
12
Let i = -143 + 536. What is the remainder when i is divided by 22?
19
Suppose 2*a - 2 = 0, p - 3*a = 1 - 2. Suppose p*j = -3*b + 152, -j - b + 10 = -64. What is the remainder when (36/(-30))/((-4)/j) is divided by 6?
3
Suppose -16*y = -8*y - 200. What is the remainder when 39 is divided by y?
14
Let c(j) = -9*j + 47. Calculate the remainder when 58 is divided by c(3).
18
What is the remainder when (-215)/(-15)*(8 + -2) is divided by 11?
9
Suppose 115 + 101 = 9*p. Calculate the remainder when p is divided by 3.
0
Calculate the remainder when 74 is divided by (10/10)/((-4)/(-100)).
24
Let x(v) = -v**2 - 7*v - 5. Let b be x(-5). Let c = b - 3. Suppose -t + m = -52, -c*m + 127 = 3*t - 19. What is the remainder when t is divided by 17?
16
Let d be 2/1 - (-6 - -5). Suppose -d*t + 83 = 8. Calculate the remainder when 72 is divided by t.
22
Let s(l) = -l**3 - 11*l**2 + 14*l + 28. Let t be s(-12). Suppose -t*v = -j - 305, 3*v + 136 = 4*j + 368. Calculate the remainder when v is divided by 11.
10
Suppose -3*r + 131 - 54 = 4*q, 2*q = -8. Calculate the remainder when 169 is divided by r.
14
Suppose -5*z = -10*z + 45. Suppose 3*a + z = -r - 4*r, 4 = 5*a + 2*r. What is the remainder when 9 is divided by (-14)/(-3) + a/6?
4
Let t(r) = -13*r**2 - 7*r + 5. Let l(v) = 13*v**2 + 8*v - 6. Let o(w) = -6*l(w) - 7*t(w). What is the remainder when o(3) is divided by 25?
21
Let i(y) = 14*y**2 - 1. Suppose -14 = 3*p - 17. Calculate the remainder when 37 is divided by i(p).
11
Let a be 96/6 + 6 + 0. Suppose -b = -6*b + 20. Let s = a + b. Calculate the remainder when 76 is divided by s.
24
Let p = 1789 + -1743. Calculate the remainder when 251 is divided by p.
21
Suppose 2*m = q + q - 46, q = 2*m + 27. Calculate the remainder when 25 is divided by q.
6
Calculate the remainder when 242 is divided by ((-1 - -2)*1 - 0)*27.
26
Suppose -410*o = -4*w - 406*o + 84, -o = 4. Let a = 110 - 67. Calculate the remainder when a is divided by w.
9
Let w(k) = -k**3 + 9*k**2 - 13*k - 6. What is the remainder when 71 is divided by w(6)?
23
Suppose 436 = 4*m - 2*g + 2, 3*m - 323 = 4*g. What is the remainder when 199 is divided by m?
90
Suppose -5*i + 7 = 4*w, -7 = 54*w - 55*w + 4*i. What is the remainder when 15 is divided by w?
0
Let u = -91 - -295. What is the remainder when u is divided by 36?
24
Suppose 0 = -2*p - 0*p + 6. Suppose 2*r = -12 + 20. Suppose 0 = 5*x - 4*j + 2*j - 9, -r = 2*x + 3*j. Calculate the remainder when p is divided by x.
0
Let k = -1211 - -1473. What is the remainder when k is divided by 34?
24
Suppose 6*t = -2*t + 424. Let h = t - 44. What is the remainder when 13 is divided by h?
4
What is the remainder when ((-36)/(-10))/((-5)/((-1650)/9)) is divided by 19?
18
Suppose -13 - 17 = -2*m + i, 3*i - 36 = -3*m. Suppose 2*r + 3*s + 133 = -2*r, 17 = -r - 4*s. Let g = m - r. What is the remainder when g is divided by 13?
12
Let u(a) = 7*a. Let h(j) = j**3 + 5*j**2 + 3*j - 3. Let q be h(-3). Let s = q + -5. Calculate the remainder when 27 is divided by u(s).
6
Suppose -m + 3*m = 20. Suppose 0 = 4*w - 2*w - 10. Let u = -1 + w. Calculate the remainder when m is divided by u.
2
Let v be (1 + 6 + 29)*4/6. What is the remainder when 13 is divided by 2/((-6)/v*-1)?
5
Suppose -4*p = -4*o - 216 + 56, -p + 15 = 4*o. Calculate the remainder when 172 is divided by p.
32
Suppose -4*d + 3*c - 2*c = -116, -4*d - 3*c = -116. Suppose 3*b = 4*x - 0*x - 456, -x - b + 114 = 0. Calculate the remainder when x is divided by d.
27
Let i be (6/15)/((-1)/(-5)). Let y = 20 + i. Calculate the remainder when y is divided by 22/3 + (-8)/(-12).
6
Let d = 263 + -201. Calculate the remainder when d is divided by 32.
30
Suppose 0*q + 67 = 4*s - 3*q, -5*s + 4*q = -84. Suppose o = 4*o - 201. Suppose k + 3*t = 50, 2*k = -5*t + 37 + o. What is the remainder when k is divided by s?
14
Suppose -2*i + 2*c + 0 = -16, -4*i = -3*c - 27. Let b(j) = j**2 - 17*j + 20. Let z be b(15). Let y = -6 - z. Calculate the remainder when y is divided by i.
1
Let c = -24 - -13. Let t(m) = -55*m + 10. Let v(l) = -11*l + 2. Let b(x) = c*v(x) + 2*t(x). Calculate the remainder when b(5) is divided by 18.
17
Calculate the remainder when 3 + 7/(-6 - (-75)/12) is divided by 24.
7
Suppose 23*s = 16*s + 21. Suppose -4*x - 2*n + 14 = 0, -1 + 6 = 5*x + 5*n. Suppose x*w = 2*w + 4. Calculate the remainder when s is divided by w.
0
Let b = -52 - -74. Suppose p + 5 = -2*o - 0, -5*p - 33 = 2*o. Let y(q) = -q**3 - 6*q**2 + 6*q + 5. What is the remainder when b is divided by y(p)?
10
Let h = -1451 - -1460. What is the remainder when 79 is divided by h?
7
Suppose 0 = -65*t + 105*t - 400. Suppose 3*l = -0*k + 3*k + 150, 0 = l - 3*k - 52. Let w = l - 21. Calculate the remainder when w is divided by t.
8
Let j = 200 + -65. Suppose 4*r + 27 = j. Let p = 9 + r. What is the remainder when p is divided by 19?
17
Let n(z) = -z**3 - 16*z**2 - 29*z - 1. Suppose -q - 24 = -5*a, 0*a + 44 = -3*q + a. Calculate the remainder when 36 is divided by n(q).
10
Suppose 2*t + 3*t - 20 = 0. Suppose -97 = -t*o - 5*r, -o + 6*r - 2*r = 2. Suppose 0 = 4*n - 2*n - 140. What is the remainder when n is divided by o?
16
Let i(q) = 4*q**2 + 2. Suppose 0 = -2*a + 11 - 7. What is the remainder when 123 is divided by i(a)?
15
Calculate the remainder when 80 - 3 - -3 - (-14 + 10) is divided by 11.
7
Suppose 2 = 2*g - g. Suppose 0 = 2*i + 4*c - 12, 6*c - c - 20 = -3*i. What is the remainder when (17/2 + -7)*i/3 is divided by g?
1
Suppose -26 = -0*v - 2*v. Let h = v - 24. Let g = h - -61. What is the remainder when g is divided by 13?
11
What is the remainder when 95 is divided by (-252)/(-8) + (-6)/(-12)?
31
Let x(i) = 3*i**2 + 5*i + 2. Let c(z) = 3*z**2 + 4*z + 2. Let u(v) = 6*c(v) - 5*x(v). Let n = 36 + 11. What is the remainder when n is divided by u(2)?
11
What is the remainder when 0 + 168/1 + -2 is divided by ((-111)/(-9) + -3)/((-10)/(-45))?
40
Let i = 1839 + -1829. What is the remainder when 189 is divided by i?
9
Suppose 0 = -3*h - 2*k + 20, 5*k + 50 = h + 4*h. Let x(v) = -v + 3. Let u be x(5). What is the remainder when 33 is divided by h - (5 - 3)/u?
6
Let j = -24 + 31. What is the remainder when 18 is divided by (-35)/(-5)*6/j?
0
Let i = 32 - 35. What is the remainder when 26 is divided by i + 4 + -2 - -11?
6
Let z = 714 - 1412. Calculate the remainder when z/(-18) + (-18)/(-81) is divided by 21.
18
What is the remainder when 436/6 + (-8)/(-24) is divided by 15?
13
Suppose 4*y - 3 = -3*h, -2*y + 4 + 0 = 4*h. Let s = y + 4. Suppose f - 24 = -s*o, 5*f - 138 = 3*o - 18. Calculate the remainder when 46 is divided by f.
22
Suppose m + 13 = 5*p + 5*m, m - 7 = -5*p. What is the remainder when 84 is divided by ((-20)/(-3) - p)/((-6)/(-18))?
16
Suppose o + 17 = -0*n + 4*n, 5*n - 40 = -5*o. Let l = -40 - -36. Let q(m) = -m**3 - 4*m**2 - 2*m. Calculate the remainder when q(l) is divided by o.
2
Suppose -2*z + 18*z - 1792 = 0. Calculate the remainder when 133 is divided by z.
21
Let o = 84 - 30. Let f = 38 + -19. Calculate the remainder when o is divided by f.
16
Suppose -4*v + 7*d - 9*d = -122, -5*v - 4*d = -160. Calculate the remainder when v is divided by 1/6 - 118/(-12).
8
Let w = -500 + 537. Calculate the remainder when 98 is divided by w.
24
Let z = -483 - -506. Calculate the remainder when 81 is divided by z.
12
Let k(i) = 30*i. Let p be k(4). Suppose -5*s - 2*l + 7*l + p = 0, 0 = -3*s - 3*l + 60. Suppose 21 = -5*o + 86. Calculate the remainder when s is divided by o.
9
Suppose -5*f - 3*r = -624, 4*r = -2*f + 8*r + 260. Calculate the remainder when f is divided by 35.
21
Let h = -9 + 8. Let t = 12 + 42. Calculate the remainder when t is divided by -9*20/(-12) + h.
12
Let l(p) = -p + 30. Let q(z) = -17*z - 2. Let m be q(-1). Calculate the remainder when l(m) is divided by 4.
3
Suppose 0 = -5*h - j + 104, 2*h - 6*j - 5